t is the ten thousands digit of 1130317107?
1
What is the thousands digit of 1324587400?
7
What is the millions digit of 28447453?
8
What is the hundreds digit of 1350325364?
3
What is the units digit of 193209679?
9
What is the ten millions digit of 32240132?
3
What is the hundred thousands digit of 1184344044?
3
What is the thousands digit of 150194109?
4
What is the millions digit of 27209003?
7
What is the billions digit of 1231358557?
1
What is the hundred thousands digit of 140814928?
8
What is the ten millions digit of 329667753?
2
What is the ten millions digit of 6368005722?
6
What is the millions digit of 419848140?
9
What is the ten millions digit of 154823448?
5
What is the units digit of 61304891?
1
What is the tens digit of 3986306732?
3
What is the thousands digit of 109834922?
4
What is the tens digit of 480785398?
9
What is the units digit of 1260064782?
2
What is the tens digit of 1408059721?
2
What is the hundred thousands digit of 5918268530?
2
What is the ten millions digit of 11928722?
1
What is the thousands digit of 136018135?
8
What is the units digit of 307812702?
2
What is the thousands digit of 236572406?
2
What is the hundreds digit of 33034011?
0
What is the billions digit of 1769528727?
1
What is the ten millions digit of 108446822?
0
What is the thousands digit of 69022883?
2
What is the millions digit of 351974424?
1
What is the hundred thousands digit of 46323923?
3
What is the units digit of 1603829629?
9
What is the millions digit of 25176468?
5
What is the ten thousands digit of 3762055?
6
What is the billions digit of 3986893840?
3
What is the millions digit of 270913378?
0
What is the thousands digit of 18541478?
1
What is the tens digit of 94125241?
4
What is the units digit of 1636589306?
6
What is the ten millions digit of 12925001?
1
What is the hundred thousands digit of 81503168?
5
What is the hundred millions digit of 145651870?
1
What is the thousands digit of 561174433?
4
What is the units digit of 840124809?
9
What is the units digit of 877080287?
7
What is the hundred millions digit of 728136988?
7
What is the hundreds digit of 1859719662?
6
What is the units digit of 43332614?
4
What is the hundreds digit of 13825797?
7
What is the hundred thousands digit of 130248197?
2
What is the ten millions digit of 357044379?
5
What is the millions digit of 16565627?
6
What is the units digit of 2415979162?
2
What is the billions digit of 1268394976?
1
What is the hundred millions digit of 2044175426?
0
What is the hundreds digit of 76204561?
5
What is the ten millions digit of 1004977594?
0
What is the ten millions digit of 1333060671?
3
What is the hundred thousands digit of 87912938?
9
What is the hundred millions digit of 270057942?
2
What is the units digit of 224206377?
7
What is the ten thousands digit of 23163418?
6
What is the ten millions digit of 97294009?
9
What is the hundreds digit of 53306677?
6
What is the thousands digit of 169564002?
4
What is the hundreds digit of 66200116?
1
What is the millions digit of 75808076?
5
What is the units digit of 41864523?
3
What is the hundred thousands digit of 7949464?
9
What is the hundred millions digit of 3381947636?
3
What is the ten millions digit of 7710175467?
1
What is the thousands digit of 7028864553?
4
What is the units digit of 14983357?
7
What is the thousands digit of 1540595918?
5
What is the hundred millions digit of 283870342?
2
What is the hundreds digit of 65898968?
9
What is the ten thousands digit of 99199504?
9
What is the tens digit of 347742824?
2
What is the hundreds digit of 497762460?
4
What is the hundred thousands digit of 160624957?
6
What is the hundreds digit of 30225378?
3
What is the millions digit of 1735440?
1
What is the ten thousands digit of 29724700?
2
What is the ten millions digit of 27528636?
2
What is the millions digit of 12984168?
2
What is the millions digit of 6951920808?
1
What is the tens digit of 861417958?
5
What is the ten thousands digit of 36280468?
8
What is the thousands digit of 81031014?
1
What is the millions digit of 483426742?
3
What is the thousands digit of 847661859?
1
What is the hundreds digit of 75467666?
6
What is the tens digit of 24298183?
8
What is the thousands digit of 1322271890?
1
What is the ten millions digit of 100064294?
0
What is the tens digit of 549563948?
4
What is the ten thousands digit of 888604491?
0
What is the ten millions digit of 3183225275?
8
What is the tens digit of 4546977214?
1
What is the hundred millions digit of 483497076?
4
What is the thousands digit of 5634849042?
9
What is the ten thousands digit of 46446858?
4
What is the ten millions digit of 8188677498?
8
What is the hundred thousands digit of 2532371516?
3
What is the hundreds digit of 166222121?
1
What is the units digit of 1664555811?
1
What is the thousands digit of 148529931?
9
What is the millions digit of 373201136?
3
What is the hundred thousands digit of 841362757?
3
What is the ten millions digit of 36243603?
3
What is the ten millions digit of 89853293?
8
What is the hundred millions digit of 339308446?
3
What is the ten millions digit of 4833321112?
3
What is the units digit of 46901064?
4
What is the tens digit of 86895937?
3
What is the hundred thousands digit of 118151930?
1
What is the millions digit of 346155765?
6
What is the hundred thousands digit of 82200838?
2
What is the ten millions digit of 324552912?
2
What is the hundred thousands digit of 16921495?
9
What is the ten millions digit of 685641781?
8
What is the ten thousands digit of 97333582?
3
What is the millions digit of 6872462709?
2
What is the ten millions digit of 81233032?
8
What is the hundred millions digit of 1403710479?
4
What is the ten thousands digit of 559519481?
1
What is the tens digit of 65135020?
2
What is the tens digit of 33717049?
4
What is the tens digit of 3478161503?
0
What is the tens digit of 493561269?
6
What is the hundred millions digit of 1349760845?
3
What is the thousands digit of 3714813752?
3
What is the units digit of 60229137?
7
What is the ten millions digit of 19789669?
1
What is the hundred thousands digit of 4239812755?
8
What is the hundred millions digit of 1228262506?
2
What is the hundreds digit of 958554592?
5
What is the millions digit of 1113783071?
3
What is the millions digit of 226425771?
6
What is the hundreds digit of 68527148?
1
What is the tens digit of 34844038?
3
What is the millions digit of 47983553?
7
What is the thousands digit of 267411976?
1
What is the ten millions digit of 2302967690?
0
What is the thousands digit of 1020565305?
5
What is the ten millions digit of 70231568?
7
What is the ten millions digit of 2651335402?
5
What is the units digit of 6357590723?
3
What is the ten millions digit of 148140289?
4
What is the thousands digit of 10354266?
4
What is the units digit of 1175128388?
8
What is the tens digit of 392223417?
1
What is the units digit of 16276897?
7
What is the hundreds digit of 2046114297?
2
What is the tens digit of 2029427042?
4
What is the hundred thousands digit of 112128324?
1
What is the ten millions digit of 515823688?
1
What is the tens digit of 5920900202?
0
What is the hundreds digit of 207596984?
9
What is the ten thousands digit of 239100424?
0
What is the units digit of 357344398?
8
What is the tens digit of 2947707080?
8
What is the millions digit of 170078978?
0
What is the units digit of 253483142?
2
What is the hundreds digit of 3230909873?
8
What is the ten millions digit of 12918763?
1
What is the tens digit of 1084045862?
6
What is the thousands digit of 64686739?
6
What is the ten thousands digit of 62245908?
4
What is the units digit of 1342687524?
4
What is the ten thousands digit of 118549964?
4
What is the tens digit of 15886974?
7
What is the units digit of 128978911?
1
What is the tens digit of 1589534000?
0
What is the ten millions digit of 16355439?
1
What is the tens digit of 101830663?
6
What is the hundred millions digit of 771217109?
7
What is the ten thousands digit of 1136975118?
7
What is the hundred thousands digit of 89641025?
6
What is the hundred thousands digit of 2337969753?
9
What is the tens digit of 21978911?
1
What is the units digit of 351251998?
8
What is the tens digit of 81509719?
1
